{"id":772,"date":"2022-06-28T21:03:16","date_gmt":"2022-06-28T20:03:16","guid":{"rendered":"https:\/\/gaeilgelochariach.ie\/?page_id=772"},"modified":"2025-09-23T11:58:05","modified_gmt":"2025-09-23T10:58:05","slug":"colaiste-an-eachreidh","status":"publish","type":"page","link":"https:\/\/gaeilgelochariach.ie\/en\/colaiste-an-eachreidh\/","title":{"rendered":"Col\u00e1iste an Eachr\u00e9idh"},"content":{"rendered":"<div id=\"cs-content\" class=\"cs-content\"><\/div>\n","protected":false},"excerpt":{"rendered":"<p>Col\u00e1iste an Eachr\u00e9idh Col\u00e1iste an Eachr\u00e9idh is an all-Irish post-primary school that was established in August 2006. It is an all-Irish post-primary school under the auspices of Vocational Education Committee Co. Galway. All subjects are taught through the medium of Irish and Irish is the language of communication in the College. Centrally located in Athenry, Col\u00e1iste an Eachr\u00e9idh has students &#8230; <\/p>\n<div><a href=\"https:\/\/gaeilgelochariach.ie\/en\/colaiste-an-eachreidh\/\" class=\"more-link\">Read More<\/a><\/div>\n","protected":false},"author":1,"featured_media":0,"parent":0,"menu_order":0,"comment_status":"closed","ping_status":"closed","template":"template-blank-1.php","meta":{"_acf_changed":false,"footnotes":""},"class_list":["post-772","page","type-page","status-publish","hentry","no-post-thumbnail"],"acf":[],"_links":{"self":[{"href":"https:\/\/gaeilgelochariach.ie\/en\/wp-json\/wp\/v2\/pages\/772","targetHints":{"allow":["GET"]}}],"collection":[{"href":"https:\/\/gaeilgelochariach.ie\/en\/wp-json\/wp\/v2\/pages"}],"about":[{"href":"https:\/\/gaeilgelochariach.ie\/en\/wp-json\/wp\/v2\/types\/page"}],"author":[{"embeddable":true,"href":"https:\/\/gaeilgelochariach.ie\/en\/wp-json\/wp\/v2\/users\/1"}],"replies":[{"embeddable":true,"href":"https:\/\/gaeilgelochariach.ie\/en\/wp-json\/wp\/v2\/comments?post=772"}],"version-history":[{"count":5,"href":"https:\/\/gaeilgelochariach.ie\/en\/wp-json\/wp\/v2\/pages\/772\/revisions"}],"predecessor-version":[{"id":785,"href":"https:\/\/gaeilgelochariach.ie\/en\/wp-json\/wp\/v2\/pages\/772\/revisions\/785"}],"wp:attachment":[{"href":"https:\/\/gaeilgelochariach.ie\/en\/wp-json\/wp\/v2\/media?parent=772"}],"curies":[{"name":"wp","href":"https:\/\/api.w.org\/{rel}","templated":true}]}}

Coláiste an Eachréidh

<p>Coláiste an Eachréidh Coláiste an Eachréidh is an all-Irish post-primary school that was established in August 2006. It is an all-Irish post-primary school under the auspices of Vocational Education Committee Co. Galway. All subjects are taught through the medium of Irish and Irish is the language of communication in the College. Centrally located in Athenry, Coláiste an Eachréidh has students &#8230; </p>
<div><a href="https://gaeilgelochariach.ie/en/colaiste-an-eachreidh/" class="more-link">Read More</a></div>
