{"id":286,"date":"2022-03-23T21:09:20","date_gmt":"2022-03-23T20:09:20","guid":{"rendered":"https:\/\/www.woodsideserver.com\/clients\/development\/gaeilgelochariach\/home\/"},"modified":"2026-02-10T00:29:12","modified_gmt":"2026-02-09T23:29:12","slug":"home","status":"publish","type":"page","link":"https:\/\/gaeilgelochariach.ie\/en\/","title":{"rendered":"Home"},"content":{"rendered":"<div id=\"cs-content\" class=\"cs-content\"><\/div>\n","protected":false},"excerpt":{"rendered":"<p>Cruinni\u00fa Cinn Bliana D\u00e9 C\u00e9adaoin 13\u00fa Bealtaine @7:30pm san Ionad Acmhainn\u00ed TeaghlaighCiorcal Chomhr\u00e1 Nua Da bharr \u00e9ileamh, beidh Ciorcal Comhr\u00e1 nua ag tarl\u00fa i mBaile Locha Riach ar D\u00e9ardaoin 19 M\u00e1rta 7-8:00in, Oifig Ghaeilge Locha Riach, Sr\u00e1id U\u00ed Cheallaigh.Scol\u00e1ireachta\u00ed Gaeltachta do dhaoine f\u00e1sta Spriocdh\u00e1ta: D\u00e9 M\u00e1irt 28\u00fa Aibre\u00e1n @12:00i.n. naoise@gaeilgelochariach.ieCeol na C\u00e9adaoine B\u00edg\u00ed linn ar an gc\u00e9ad Ch\u00e9adaoin i M\u00ed &#8230; <\/p>\n<div><a href=\"https:\/\/gaeilgelochariach.ie\/en\/\" class=\"more-link\">Read More<\/a><\/div>\n","protected":false},"author":1,"featured_media":0,"parent":0,"menu_order":0,"comment_status":"closed","ping_status":"closed","template":"template-blank-4.php","meta":{"_acf_changed":false,"footnotes":""},"class_list":["post-286","page","type-page","status-publish","hentry","no-post-thumbnail"],"acf":[],"_links":{"self":[{"href":"https:\/\/gaeilgelochariach.ie\/en\/wp-json\/wp\/v2\/pages\/286","targetHints":{"allow":["GET"]}}],"collection":[{"href":"https:\/\/gaeilgelochariach.ie\/en\/wp-json\/wp\/v2\/pages"}],"about":[{"href":"https:\/\/gaeilgelochariach.ie\/en\/wp-json\/wp\/v2\/types\/page"}],"author":[{"embeddable":true,"href":"https:\/\/gaeilgelochariach.ie\/en\/wp-json\/wp\/v2\/users\/1"}],"replies":[{"embeddable":true,"href":"https:\/\/gaeilgelochariach.ie\/en\/wp-json\/wp\/v2\/comments?post=286"}],"version-history":[{"count":50,"href":"https:\/\/gaeilgelochariach.ie\/en\/wp-json\/wp\/v2\/pages\/286\/revisions"}],"predecessor-version":[{"id":3962,"href":"https:\/\/gaeilgelochariach.ie\/en\/wp-json\/wp\/v2\/pages\/286\/revisions\/3962"}],"wp:attachment":[{"href":"https:\/\/gaeilgelochariach.ie\/en\/wp-json\/wp\/v2\/media?parent=286"}],"curies":[{"name":"wp","href":"https:\/\/api.w.org\/{rel}","templated":true}]}}

<p>Cruinniú Cinn Bliana Dé Céadaoin 13ú Bealtaine @7:30pm san Ionad Acmhainní TeaghlaighCiorcal Chomhrá Nua Da bharr éileamh, beidh Ciorcal Comhrá nua ag tarlú i mBaile Locha Riach ar Déardaoin 19 Márta 7-8:00in, Oifig Ghaeilge Locha Riach, Sráid Uí Cheallaigh.Scoláireachtaí Gaeltachta do dhaoine fásta Spriocdháta: Dé Máirt 28ú Aibreán @12:00i.n. naoise@gaeilgelochariach.ieCeol na Céadaoine Bígí linn ar an gcéad Chéadaoin i Mí &#8230; </p>
<div><a href="https://gaeilgelochariach.ie/en/" class="more-link">Read More</a></div>
